- -167. Suppose 128 - 348 = -4*l - i, 3*i = -2*l + v. What are the prime factors of l?
2, 3
List the prime factors of (77/(-14)*22)/(0 + -1).
11
Let m(d) = 17*d**2 - 2. List the prime factors of m(2).
2, 3, 11
Let b(j) = 103*j**2 - 5*j - 14. Let u be b(-3). Suppose -u = -5*p - 3*l - 166, 0 = p - l - 154. What are the prime factors of p?
3, 17
Let o(g) = -2*g - 3*g**2 + 4*g**3 - 4 + 5 + 0*g. Let n be o(3). Suppose -3*f - 1 = 5*k - 58, k + n = 4*f. What are the prime factors of f?
19
Suppose 51*u - 43894 - 69224 = 0. What are the prime factors of u?
2, 1109
Let v(p) be the third derivative of 49*p**4/24 + p**3/3 - 15*p**2. List the prime factors of v(1).
3, 17
Suppose -p + 4*t - 7 = 3, 2*t + 22 = 5*p. List the prime factors of p.
2, 3
Suppose 21*g = 19*g + 4. Suppose -g*b + 81 = b. What are the prime factors of b?
3
Let a = 11 + -1. Suppose z + 41 - a = 4*r, -3*z = 5*r - 60. List the prime factors of r.
3
What are the prime factors of (-25)/(5/425*-5)?
5, 17
Suppose -4*i = -7*i + 528. List the prime factors of i.
2, 11
Suppose -2*w - 4*h = -h, 3*h = -12. What are the prime factors of (395/10)/(3/w)?
79
Let y(f) = f**3 - 17*f**2 + 18*f - 1. Let d be y(16). Suppose 0 = -2*h - o + d + 2, 4*h + o = 65. Let q = -1 + h. What are the prime factors of q?
3, 5
Suppose -u = f - 3*f - 7, 1 = -f + 3*u. Let x be (-324)/(-42) + f/(-14). Suppose 4*h + x = 0, -111 = -3*s - 2*h - 4. List the prime factors of s.
37
Let k(c) = c**2 - 5*c + 7. Let p be k(5). Suppose p*x = -64 + 162. List the prime factors of x.
2, 7
Suppose 41*l + 1663 = 24787. List the prime factors of l.
2, 3, 47
Let p = 892 - 577. List the prime factors of p.
3, 5, 7
Suppose -5*c - 49 = -6*c. Let w be (42/c)/((-2)/(-42)). Suppose 5*i - 169 + 58 = -4*n, 2*i = n - w. What are the prime factors of n?
2, 3
Let p = 65 + -70. List the prime factors of ((-150)/(-4) + p)*16/5.
2, 13
What are the prime factors of 0 - (-273 + (7 - 2))?
2, 67
Suppose -5*d - 1793 = -3*v, 6*v - 4*d - 2984 = v. List the prime factors of v.
2, 149
Let k(w) = -w**3 + 7*w**2 + 5*w + 10. Let c be k(8). Let n = -9 - c. Suppose -5*l - 7 = 3*s - 2*s, -s = 2*l - n. List the prime factors of s.
13
Suppose 0 = 169*y - 134*y - 156870. What are the prime factors of y?
2, 3, 83
Suppose u - 1080 = -k, 4*u + 5*k - 4317 = -0*u. List the prime factors of u.
3, 19
Let t(d) = -2*d - 13. Let x(a) = -a - 2*a + 13 + 1 - a. Let r be x(6). What are the prime factors of t(r)?
7
Let n = 11 - 7. Let b be (-19)/3*(n - 7). Suppose -b = -5*a + 81. List the prime factors of a.
2, 5
Let v(n) = -51*n + 130. What are the prime factors of v(-20)?
2, 5, 23
Let y(j) = -30*j + 69. Let q(f) = -29*f + 70. Let x(o) = 3*q(o) - 4*y(o). List the prime factors of x(8).
2, 3, 11
Let g(d) = -69*d - 533. What are the prime factors of g(-36)?
1951
Suppose 32*z - 16*z - 368 = 0. What are the prime factors of z?
23
Suppose 3*m + 9 = -2*z, 0 = 2*z - z + m + 2. Suppose x + 2*o - 104 = 5*o, 0 = -z*o + 3. List the prime factors of x.
107
What are the prime factors of 1632 - (8 + -3 - 6)?
23, 71
Let a be (1/2)/(2/12). Suppose -a*c - 28 = -x, -4*x - 3*c + 6*c + 67 = 0. List the prime factors of x.
13
Let w(b) = b**3 + 8*b**2 - 2*b - 11. Let n be w(-8). Let o(l) = l**2 - 5*l - 2. Let q be o(n). List the prime factors of (24/(-15))/(q/10).
2
Let l(v) = -v - 1. Let u be l(-2). Suppose -6*g + 12 = -10*g. What are the prime factors of (-40 - 0)/(u + g)?
2, 5
Suppose -3*u = -i - 124 - 206, 4*i + 12 = 0. List the prime factors of u.
109
Let q = -44 + 28. Let x = 22 + q. What are the prime factors of ((-8)/5)/(x/(-60))?
2
Suppose 7243 + 884 = 7*q. What are the prime factors of q?
3, 43
Let h(g) = g**3 + 13*g**2 + 16*g - 5. What are the prime factors of h(-10)?
3, 5
List the prime factors of (-254166)/(-77) - 1/(-7).
3301
Let f(y) = 7*y - 22. Suppose 33 = 5*h - 3*c, 3*h - c = 2*c + 15. List the prime factors of f(h).
41
Let l(f) = -3*f**2 + 5*f - 6. Let r be l(7). Suppose -5*s = 9 + 21. What are the prime factors of s/(-12) - r/4?
2, 3, 5
Suppose -3*y + 42 = -0*y. Suppose -1 = r - y. Suppose s = -3 + r. What are the prime factors of s?
2, 5
Let q be -1*(93 + 6 + -3). Let b be q/9*63/(-6). Suppose 3*m = -m + b. What are the prime factors of m?
2, 7
Let i be 2*(-1 + (-396)/(-8)). Suppose -2*h + 79 = -i. List the prime factors of h.
2, 11
Let i(n) = 2*n**2 - n - 6. Let j(x) = 2*x + 12. Let u be j(-5). Suppose u*t + 0*l - 6 = l, -2*l = -3*t + 9. What are the prime factors of i(t)?
3
Suppose 0 = -z + 4*y - 0*y - 12, -9 = -3*z - 3*y. Suppose -2*s - 66 = 5*f - 229, s - 4 = z. List the prime factors of f.
31
What are the prime factors of (582 - 0)*(-110)/(-55)?
2, 3, 97
Let g(l) = -4*l**3 - 5 + 6*l + 2*l**3 - 2*l**2 + l**3. Let r be g(4). What are the prime factors of r/(-3) + 2/6?
2, 13
Let a = 1923 + -945. List the prime factors of a.
2, 3, 163
Let h be ((-10)/(-25))/((-1)/(-5)). Suppose -6*n + h*n = 0. Suppose -4*s + n*b = -5*b - 96, 3*b = -4*s + 96. What are the prime factors of s?
2, 3
List the prime factors of (-128505)/(-105) + (-1)/(-7).
2, 3, 17
Let f(u) = -u**3 - 6*u**2 - u - 4. Let q be f(-6). Suppose -2 = -4*y + q. List the prime factors of 20 + -1 + (1 - y).
19
Suppose -4*b + 2*w = -0 - 134, 4*w + 160 = 5*b. Suppose 3*c - 5*c + b = 0. List the prime factors of c.
2, 3
Suppose -3*g - u + 941 = 0, -168 = -3*g + 4*u + 778. Let i = g + -181. List the prime factors of i.
7, 19
Let d be (12/20 + -1)*-150. Let u = 15 + d. List the prime factors of u.
3, 5
Let w = 654 - 270. List the prime factors of w.
2, 3
Let x be (-6)/(-4)*(3 + -1). Suppose -x*u + w - 5 = -u, 4*u + 4*w = 20. Suppose 2*v = -u*v + 26. List the prime factors of v.
13
Let a be (-414)/45 + (-2)/(-10). What are the prime factors of 3451/56 - a/24?
2, 31
Suppose 0 = 8*f - 4624 + 1112. List the prime factors of f.
439
Let t = 10 + -7. Suppose -w = -q + t*q + 3, 2*w + 11 = q. What are the prime factors of (-3 + q)*-1*1?
2
Let c be (14/21)/((-4)/6). Let a(w) = -5*w**3 + 2*w**2 - 2*w + 1. Let y(p) = -p**3 - p**2 - 1. Let b(s) = c*a(s) - 2*y(s). What are the prime factors of b(2)?
61
Let q(j) = 22*j**2 + 7*j - 10. Let g(p) = 45*p**2 + 13*p - 20. Let a(n) = 3*g(n) - 5*q(n). What are the prime factors of a(3)?
227
Suppose 1087 - 568 = y. What are the prime factors of y?
3, 173
Let g = 1 + -8. Let d = -10 - g. List the prime factors of 25 + (d - (-3 - -1)).
2, 3
Suppose b = -4*i + 213, 0*b = i - 3*b - 37. Let w = -27 + i. What are the prime factors of w?
5
Suppose 0 = -r + 4*z + 2028 + 2892, -24668 = -5*r + 3*z. List the prime factors of r.
2, 617
Let s(g) = 17*g - 66. Suppose -45 = -57*t + 54*t. List the prime factors of s(t).
3, 7
Let n(h) = -41*h**3 + 4*h**2 + 23*h + 37. What are the prime factors of n(-2)?
5, 67
Let c(d) = -13*d**3 + d**2. Let n be c(-1). Suppose -2*i = -n + 2. Suppose i = 7*u - 6*u. What are the prime factors of u?
2, 3
Suppose 3*x - 2*x = 0. Let i(g) = -331*g**2 + 19 + g + 0*g + 332*g**2. List the prime factors of i(x).
19
Suppose 30*g - 2 = 29*g. What are the prime factors of g?
2
Suppose -5*k - s + 96 = s, -5*s + 69 = 3*k. Let p(y) = y**3 - 28*y**2 + 28*y + 13. Let q be p(27). Let l = q - k. What are the prime factors of l?
2, 11
Suppose -5*g + 3*b + 2966 = 0, -2*b - 2969 = -2*g - 3*g. List the prime factors of g.
5, 7, 17
Suppose m = 5*m - 16. Let w(f) = -m + 0 + 3 + 4 + 2*f. What are the prime factors of w(14)?
31
List the prime factors of 40/(-32) - ((-2010)/8 + 1).
3, 83
List the prime factors of (-1332)/(-18)*(-7)/(-1).
2, 7, 37
Suppose p - 5 = 11. Suppose 4*u = p, 43 + 5 = 2*i - 5*u. Suppose i = 2*v + f, -v = -2*v - 3*f + 22. What are the prime factors of v?
2
Suppose 5*o = o + 88. List the prime factors of 330/o*3*1.
3, 5
Let k(s) = 312*s + 3. Let b be k(1). Suppose -5*c = 5*i - 315, -5*c - i + b = i. List the prime factors of c.
3, 7
Suppose 0 = 228*m - 212*m - 112. Let v(d) = -5*d**2 + 7*d + 11. Let k(c) = -c**2 - c. Let l(h) = -4*k(h) + v(h). List the prime factors of l(m).
3, 13
Let g be (-6911)/(-7) - (-24)/(-84). Suppose -j + 749 = -2*b + 5*b, j = 4*b - g. What are the prime factors of b?
2, 31
Let k = -311 + 387. What are the prime factors of k?
2, 19
Let h = 183 + 175. List the prime factors of h.
2, 179
Let a = 2923 - 487. What are the prime factors of a?
2, 3, 7, 29
Let w(l) = 2*l**2 - 10*l 